 5, what is -11 - 331?
-342
In base 3, what is 2102 + 2?
2111
In base 16, what is 1a2 - -a?
1ac
In base 13, what is -1 - 11b?
-11c
In base 13, what is -1 - 28?
-29
In base 8, what is 5 - -73?
100
In base 8, what is -207 + -70?
-277
In base 6, what is -152 - 1?
-153
In base 5, what is 43243 - 2?
43241
In base 11, what is 17 - 9?
9
In base 2, what is -11 + -1001010?
-1001101
In base 12, what is 14 - 6?
a
In base 6, what is 5 - -1205?
1214
In base 10, what is -50170 - 4?
-50174
In base 15, what is -18a - -2?
-188
In base 14, what is -31 + -5?
-36
In base 5, what is -2 + -32342?
-32344
In base 10, what is 112 + 5?
117
In base 3, what is 20200212 - -11?
20201000
In base 11, what is -a + -1671?
-1680
In base 8, what is 5 + -3?
2
In base 16, what is -4 + -4f?
-53
In base 4, what is 11 - -222301?
222312
In base 3, what is -1202 - 112?
-2021
In base 4, what is -303 + 1033?
130
In base 13, what is 42 + 21?
63
In base 10, what is -71 + -6?
-77
In base 11, what is 5 + -44?
-3a
In base 6, what is -2 + -135?
-141
In base 10, what is -1601 + 3?
-1598
In base 2, what is 11011 - -1011?
100110
In base 2, what is 11100011 + -100?
11011111
In base 3, what is -11100 - -11?
-11012
In base 4, what is -200001 + -2?
-200003
In base 2, what is -10 + -101110000?
-101110010
In base 14, what is -1472 + -5?
-1477
In base 9, what is -338 - -2?
-336
In base 11, what is -37 + 16?
-21
In base 11, what is 68 + -1?
67
In base 16, what is 0 + -f72?
-f72
In base 13, what is c - -5?
14
In base 15, what is -22c - 3?
-230
In base 7, what is -3 - -4212?
4206
In base 9, what is 1106 - 3?
1103
In base 6, what is 1 + 150?
151
In base 3, what is -21 + -10100?
-10121
In base 7, what is -411 - 0?
-411
In base 4, what is -1210 - 3?
-1213
In base 7, what is 5 + -106?
-101
In base 2, what is -100011101 - 10?
-100011111
In base 9, what is 5821 - -5?
5826
In base 4, what is 3 + -13012?
-13003
In base 14, what is -108 - 3?
-10b
In base 15, what is 119 + 2?
11b
In base 14, what is -5 - 2b?
-32
In base 3, what is 12 - 10020?
-10001
In base 15, what is -a + -ee?
-109
In base 5, what is 402 + -1?
401
In base 6, what is -1132 - -1?
-1131
In base 13, what is -4226 + 5?
-4221
In base 16, what is 0 - 1a9?
-1a9
In base 5, what is 1130 - 40?
1040
In base 7, what is -5 + 136?
131
In base 3, what is 1101 - -2?
1110
In base 6, what is 30542 + 4?
30550
In base 5, what is -230 - -1?
-224
In base 7, what is 521 + 0?
521
In base 14, what is -b - -18?
b
In base 14, what is -1 + -100?
-101
In base 7, what is -560 + 1?
-556
In base 14, what is 7 - 8c?
-85
In base 3, what is 12 - 10202100?
-10202011
In base 14, what is 1831 + 6?
1837
In base 5, what is 4 - -3004?
3013
In base 13, what is -65 + -5?
-6a
In base 9, what is -82 + -242?
-334
In base 11, what is -3 + -68?
-70
In base 16, what is 23 - 12?
11
In base 4, what is 0 + 12132?
12132
In base 9, what is -2 + -1?
-3
In base 6, what is -340 + 1?
-335
In base 8, what is -10546 - 4?
-10552
In base 16, what is -4 - 272?
-276
In base 7, what is -4 + -514?
-521
In base 6, what is 5 + 103?
112
In base 15, what is 4 - 3c?
-38
In base 11, what is 6 - 32?
-27
In base 6, what is 1 + -313?
-312
In base 9, what is 205 - 10?
185
In base 14, what is 4 + -a7?
-a3
In base 11, what is 1a24 + -2?
1a22
In base 8, what is 336 + 7?
345
In base 16, what is -2 - -f5?
f3
In base 3, what is -1112120021 - 12?
-1112120110
In base 12, what is -2 + 3?
1
In base 4, what is 3 - -2313?
2322
In base 14, what is 220 + -b?
213
In base 3, what is -202010 - 10?
-202020
In base 6, what is 2 - -13543?
13545
In base 7, what is -2222 - -2?
-2220
In base 8, what is 35 + 1603?
1640
In base 3, what is -2 + -20222211?
-20222220
In base 7, what is 5 - 134?
-126
In base 16, what is -e0 + -5?
-e5
In base 12, what is 7 + -8b4?
-8a9
In base 14, what is -3 + 36?
33
In base 11, what is -3 + -30?
-33
In base 3, what is 112111 + 0?
112111
In base 2, what is -10111 + -100010?
-111001
In base 7, what is -1100 + 0?
-1100
In base 7, what is -35 + -11?
-46
In base 11, what is 1 - 2653?
-2652
In base 5, what is 1040 + -1?
1034
In base 2, what is -1000110 + -101?
-1001011
In base 13, what is 6a2 - 2?
6a0
In base 5, what is -100240 + 2?
-100233
In base 3, what is -2 + -2101?
-2110
In base 9, what is -63 - -10?
-53
In base 8, what is 2251 + -1?
2250
In base 13, what is 15a0 - -4?
15a4
In base 12, what is -1 - b52?
-b53
In base 14, what is 4 + -174b?
-1747
In base 14, what is -9 - -1b?
12
In base 13, what is a + -8?
2
In base 16, what is -10 + -16d?
-17d
In base 5, what is -2 + -102314?
-102321
In base 5, what is 1 - 42?
-41
In base 15, what is 89 - 5?
84
In base 4, what is -2 + -2102?
-2110
In base 10, what is -3 + 157?
154
In base 12, what is 940 - 4?
938
In base 5, what is -4410 + 0?
-4410
In base 12, what is 29 - -1?
2a
In base 10, what is 2 - 2732?
-2730
In base 3, what is -12 + -2021?
-2110
In base 8, what is -1 + -37?
-40
In base 7, what is -42 - -15?
-24
In base 11, what is -1 - -125?
124
In base 11, what is 5 - -8?
12
In base 11, what is 5a - 8?
52
In base 10, what is 1 + 137?
138
In base 5, what is -10 - -12221?
12211
In base 7, what is 4 - 431?
-424
In base 4, what is 3 - -20?
23
In base 9, what is -65 - -1?
-64
In base 7, what is -1 - -4326?
4325
In base 9, what is -40 - -4?
-35
In base 4, what is -1003 + -3?
-1012
In base 10, what is 1 + 1987?
1988
In base 12, what is -118 - 35?
-151
In base 6, what is -30 - -23?
-3
In base 10, what is -27 + -44?
-71
In base 10, what is -2 - 16?
-18
In base 8, what is -1 + 1705?
1704
In base 11, what is -2 + -702?
-704
In base 8, what is 1 + 377?
400
In base 15, what is e4 + -1?
e3
In base 15, what is 1 - -138d?
138e
In base 2, what is -10111 - -101?
-10010
In base 15, what is -1 - -32?
31
In base 14, what is -982 - -4?
-97c
In base 2, what is 110 - -101111?
110101
In base 4, what is -2130 - -10?
-2120
In base 6, what is 3540 + -1?
3535
In base 12, what is -1451 - 1?
-1452
In base 16, what is -27 - 5?
-2c
In base 6, what is -4 - -1340?
1332
In base 16, what is -3 - 191?
-194
In base 9, what is -15 - -45?
30
In base 3, what is 2001 + 200?
2201
In base 10, what is 0 + -8?
-8
In base 10, what is 2704 + -2?
2702
In base 4, what is -1001 + 1313?
312
In base 10, what is 3 - 6?
-3
In base 9, what is 4701 + -1?
4700
In base 12, what is 0 - 97?
-97
In base 6, what is -13 - -10?
-3
In base 14, what is -2 - -1c9?
1c7
In base 11, what is 11829 + 4?
11832
In base 5, what is 3 + -322?
-314
In base 6, what is -505 + -1?
-510
In base 4, what is 13 + 2200?
2213
In base 8, what is 2 - -1221?
1223
In base 12, what is -3 + -7a?
-81
In base 2, what is 0 + 11101011?
11101011
In base 4, what is 1 + 3121?
3122
In base 3, what is 2101100222 + 12?
2101101011
In base 3, what is -121021 - -21?
-121000
In base 8, what is 5 + 15?
22
In base 3, what is -10 + -20002?
-20012
In base 3, what is -12220 - 1001?
-20221
In base 14, what is -129 + 4?
-125
In base 7, what is -2 + 16?
14
In base 12, what is a - 14?
-6
In base 14, what is 1 - -bb?
bc
In base 11, what is 5 + -148?
-143
In base 13, what is -1141 - 1?
-1142
In base 11, what is -5 - 21?
-26
In base 12, what is -4 - b9?
-101
In base 9, what is 1053 - 2?
1051
In base 12, what is 3 - -890?
893
In base 13, what is -1585 + 0?
-1585
In base 14, what is -154 + -1?
-155
In base 7, what is 11 + -643?
-632
In base 8, what is 14732 + 3?
14735
In base 5, what is 11041 - -200?
11241
In base 9, what is 0 - -7525?
7525
In base 10, what is -64 + 13?
-51
In base 13, what is -2 + -315?
-317
In base 7, what is 554 - 0?
554
In base 4, what is 11 + 330?
1001
In base 12, what is 2 + -4498?
-4496
In base 10, what is 1 - 224?
-223
In base 6, what is 4 - -15450?
15454
In base 16, what is 257 + -5?
252
In base 3, what is -2 - 1?
-10
In base 14, what is 84 - -5?
89
In base 7, what is 5 - -514?
522
In base 10, what is 5 + 27?
32
In base 8, what is 2 + 64?
66
In base 6, what is -345331 - 4?
-345335
In base 16, what is 25 + 12f?
154
In base 6, what is -250 + -1?
-251
In base 6, what is 2232 - -5?
2241
In base 15, what is 10 - 37?
-27
In base 9, what is -108 + -3?
-112
In base 3, what is -100 + 122?
22
In base 4, what is 2 + -13223?
-13221
In base 16, what is -7e + 93?
15
In base 11, what is a + -2a?
-20
In base 4, what is -12033 + 11?
-12022
In base 14, what is -a17 + -2?
-a19
In base 1